 and 112.
14
Suppose 4*q = 9*q + 330. Suppose -3*j - 160 - 173 = 0. Let w = q - j. Calculate the greatest common factor of 30 and w.
15
Let a(y) = -45*y - 332. Let l be a(-22). What is the highest common factor of l and 14?
14
Suppose 0 = 14*d - 11729 - 3671. Calculate the highest common factor of d and 44.
44
Suppose 23*s = 9*s - 280. Let o be (2 - (-10)/(-4)) + s/(-8). Calculate the greatest common factor of o and 16.
2
Let d = -354 + 454. Calculate the highest common divisor of 125 and d.
25
Let n(y) = -11*y. Let x be n(-3). Let f = x + -32. What is the greatest common factor of f and 11?
1
Let b(t) = -t + 14. Let o be b(15). Let h be (-186)/(-12)*(-2)/o. What is the greatest common factor of h and 217?
31
Let c = -220 + 241. Calculate the highest common factor of 483 and c.
21
Let q = 6 + 3. Suppose -2*d = -6*t + 2*t - 36, -t - q = 4*d. Let b be (-84)/t - (-1)/(-3). What is the highest common factor of b and 45?
9
Let j(t) = -2*t**2 - 14*t + 1. Let b = 53 + -59. Let p be j(b). Calculate the highest common factor of p and 91.
13
Suppose 18*k + 1026 = 6354. Calculate the greatest common divisor of 814 and k.
74
Let d be (72/60)/((-3)/(-145)). What is the highest common divisor of 1102 and d?
58
Let l = 71 - 67. Let h(m) = 5*m. Let k be h(l). Calculate the greatest common factor of 60 and k.
20
Let o be ((-954)/(-45))/((-12)/(-930)). What is the highest common divisor of 62 and o?
31
Let s be 37 - (1 - 0 - 6). What is the greatest common factor of s and 21?
21
Let l be 342/15 + 8*(-8)/80. Calculate the greatest common divisor of l and 99.
11
Suppose 3*t + s - 36 = -2*s, 4*t - 54 = 2*s. Calculate the highest common factor of 13 and t.
13
Let n(t) = 6*t**2 - t - 11. Let d(w) = -5*w**2 + w + 10. Let r(c) = -4*d(c) - 3*n(c). Let f be r(-3). What is the greatest common factor of 98 and f?
14
Let c(y) = -y**2 - 4*y + 115. Let z be c(-11). Calculate the greatest common factor of 950 and z.
38
Let f be 3 - (-13 + (-3)/((-6)/4)). Calculate the greatest common divisor of 21 and f.
7
Let z be 30 + -1 - (-12)/(-48)*12. What is the greatest common divisor of z and 611?
13
Let f(u) = 2*u**3 - 11*u**2 + 2*u + 19. Let t be f(5). What is the greatest common factor of 46 and t?
2
Let i = 502 - 501. Let l(s) = 8*s. Let u be l(1). Calculate the greatest common factor of u and i.
1
Let q = 61 - -12. Suppose c - 47 = q. What is the greatest common factor of 40 and c?
40
Suppose -5*q = -2*q - 3*b - 114, 2*q + 2*b = 80. Let m = 40 - q. Calculate the highest common divisor of m and 1.
1
Let r(u) = 2*u**3 - u. Let v be r(2). Let o(m) = 2*m**3 - 6*m**2 - m + 2. Let c be o(5). Suppose 5*h - 377 = -c. What is the highest common factor of v and h?
14
Let l be (-16)/(-312) - 35080/(-390). Let y = 30 - 15. Calculate the greatest common factor of l and y.
15
Let j(s) = s**3 - 7*s**2 - s + 15. Suppose 5*c - 3 = 32. Let l be j(c). Calculate the greatest common factor of l and 96.
8
Suppose 0 = -2*m + 2 + 6. Suppose 4*k - 79 = -59. Let d be -4 + (k - (3 - 6)). What is the greatest common factor of d and m?
4
Let r = 99 - 241. Let u = r - -526. Let v = u - 176. Calculate the highest common factor of v and 26.
26
Let z = 147 + 42. Suppose -8*u - 37 = -z. What is the greatest common divisor of u and 152?
19
Suppose 0 = 2*j - 9*u + 13*u - 12, -30 = -5*j - 4*u. Suppose 0 = 3*m + 5*w - 36, 0 = 2*m - w - 3 - 21. Calculate the highest common factor of j and m.
6
Let n be (1/(-2))/(7/(-56)). Calculate the highest common factor of 5 and n.
1
Let m = 6 - -2. Suppose k - 7*k + 138 = 0. Suppose 0 = 24*d - k*d - 56. What is the greatest common divisor of d and m?
8
Let g = -855 + 1130. What is the greatest common factor of g and 110?
55
Let o be (-3 + 2 - 0)*(0 - -1). Let h be o/((-2)/4)*22. What is the highest common factor of h and 33?
11
Suppose 2*t + 22 = -2*d + 5*t, d + 12 = 2*t. Let g = 16 - d. Calculate the greatest common factor of g and 12.
12
Let c be ((-18)/(-4) - 3)*2. Suppose -5 = -c*r + 4. Suppose 19*v - 126 = 5*v. Calculate the greatest common divisor of r and v.
3
Suppose -39*y + 35*y = -644. What is the greatest common factor of y and 7?
7
Suppose 0 = -2*q - 1 + 7. Suppose -5*b = q*f + 2*f - 110, 0 = -5*f - 4*b + 115. Let m = 5 + -2. Calculate the highest common factor of f and m.
3
Let h be ((-75)/(-6) - 0)*(4 + -2). Let b = h - 17. Calculate the highest common divisor of 24 and b.
8
Let w(l) = -5*l - 9. Let i be 1/(-4) + (-23)/4. Let v be w(i). Suppose -3*g + 4*o - 59 = -567, 4*g - 667 = -5*o. What is the highest common factor of v and g?
21
Suppose -2*t = 5*a - 35, 2*a = -t + 5*a + 12. Let n be 100/(-3)*t/(-10). What is the greatest common factor of n and 125?
25
Suppose 7*z - 100 = 3*z. Let s be ((-36)/20)/(6/(-20)). Suppose 75 = -s*q + 9*q. What is the greatest common divisor of q and z?
25
Let m(j) = -44*j - 7. Let z be m(-2). What is the highest common divisor of 9 and z?
9
Let b(l) = l**3 - 6*l**2 + 4*l - 5. Let v be b(7). Let i = -37 + v. What is the highest common divisor of i and 5?
5
Suppose 104 = -2*d + 114. Suppose 4*u = z + 2*u - 91, 3*u - 507 = -d*z. Let o be (-6)/(-4)*(-110)/(-15). Calculate the highest common factor of o and z.
11
Let t(i) = i**3 - 4*i**2 + 4*i - 1. Let d be t(3). Suppose d*u - 35 = -9. Let w = 31 - u. What is the greatest common divisor of 144 and w?
18
Let l be 2 - 1 - (3 + 47). Let g = l + 179. What is the highest common factor of g and 10?
10
Suppose v + 3 = 0, 2*v + v + 13 = 2*f. Suppose -l = -k + 4*k - 73, 38 = 2*k - f*l. What is the greatest common divisor of k and 161?
23
Let d be 4/(-18) - 48/27. Let g = d - -7. Suppose 6*o = g*o + 14. Calculate the highest common divisor of 28 and o.
14
Suppose -2*t - o + 4 = 0, -5*t + o = -0*o - 24. Suppose 0 = 2*c - 1 - 3. Suppose -c*r + 24 = -0*r. Calculate the highest common divisor of t and r.
4
Suppose 3*j + 0 = 18. Let q be 111/j + 2/(-4). Suppose 98 = a - 2*t, -5*a + 4*t = 37 - 557. What is the greatest common factor of a and q?
18
Let x be 30/(9/(-3) - -1 - -3). Calculate the highest common divisor of 15 and x.
15
Let i be 14/((-5)/1 + 3). Let b be (i/1)/(3 - 2). Let p be (-10 - b)/((-6)/112). What is the highest common factor of p and 7?
7
Suppose 3 - 9 = -3*q. Let c be ((-6)/(-2))/(q + 1). Calculate the greatest common divisor of c and 7.
1
Let f = 993 + -942. What is the highest common factor of 969 and f?
51
Let s = -5 - -110. Suppose s = 4*p - 3*p. Calculate the greatest common divisor of 21 and p.
21
Let r be -6*(-31)/3 - 0 - -1. Calculate the highest common divisor of r and 315.
63
Let j(k) = 2*k - 10. Let b = -22 - -29. Let c be j(b). Let n(d) = -d**3 + 7*d**2 - 2*d. Let h be n(6). What is the highest common divisor of h and c?
4
Suppose 0 = 6*b - 3 - 21. Suppose -5*i + 85 = -b*u - u, -3*i - 5*u = -35. What is the highest common divisor of i and 60?
15
Suppose 2*u - 6*n = -3*n + 75, 3*u - 105 = -3*n. Suppose 9*a - 5*a - 36 = 0. What is the highest common divisor of a and u?
9
Let d = 418 + -293. What is the highest common divisor of d and 50?
25
Let h = -616 - -1207. Suppose -5*v + h = -1719. Suppose -n - v = -7*n. Calculate the highest common divisor of 7 and n.
7
Let s be 3042/42 + (-8)/((-280)/(-15)). Calculate the highest common divisor of s and 16.
8
Let b be (-1)/(-3) + (-371)/(-3). Let v = b - 62. Calculate the greatest common factor of v and 93.
31
Suppose -3*p + 2*l + 14 = 0, 0*p = 5*p - 4*l - 26. Let h be 20/(-3 - p) - -70. Calculate the highest common factor of h and 44.
22
Let w = 2 + -1. Suppose -2*q - 5 + w = 0, 3*q + 31 = 5*i. Suppose 2*r - 4*a = -0*r + 58, -4*r = -i*a - 122. Calculate the greatest common divisor of r and 99.
33
Let n be (28 - -1) + (17 - 16). Let w = n + -29. What is the highest common factor of w and 9?
1
Suppose s = -2*s + 24. Suppose 0 = 2*i - 4*p - 28 - 4, -p + 124 = 5*i. Calculate the greatest common divisor of s and i.
8
Let z be (-2)/9 - (-77)/63. Suppose -29 = 5*s + z. Let h(v) = v**2 - 2*v + 7. Let w be h(s). What is the greatest common divisor of w and 5?
5
Let d(u) = -7*u**2 + 85. Let x(w) = 3*w**2 - 43. Let r(j) = -2*d(j) - 5*x(j). Let l be r(0). Calculate the highest common factor of 30 and l.
15
Let o(l) = 13*l - 53. Let y be o(13). What is the greatest common factor of y and 87?
29
Let v = -527 - -570. What is the greatest commo